+ -11011?
-11000
In base 15, what is -ee - 5?
-104
In base 15, what is -2eb - 5?
-301
In base 3, what is 200 + 10112022?
10112222
In base 10, what is -3 + -9?
-12
In base 3, what is 102011210 - 0?
102011210
In base 16, what is -1f1 + -1?
-1f2
In base 15, what is 4 + 190?
194
In base 4, what is 2000 + -10?
1330
In base 3, what is -1 + 1202?
1201
In base 15, what is b - -35?
41
In base 8, what is 1 + -315?
-314
In base 10, what is 20 - 183?
-163
In base 14, what is 0 + 55?
55
In base 7, what is 1 - 536?
-535
In base 13, what is -1 + 140?
13c
In base 14, what is -1 - 2da?
-2db
In base 9, what is 285 + -15?
270
In base 7, what is 0 - -1?
1
In base 3, what is 100221 - -1?
100222
In base 15, what is -d + 140?
132
In base 16, what is 7 + -1?
6
In base 13, what is 10 - 87?
-77
In base 10, what is 5 + -453?
-448
In base 11, what is 14a + -3?
147
In base 8, what is 4 - 1365?
-1361
In base 13, what is -5 - 15b4?
-15b9
In base 7, what is -11 - 65?
-106
In base 5, what is -204044 + -2?
-204101
In base 11, what is -2 - -1984?
1982
In base 2, what is 11101100 - 101?
11100111
In base 3, what is -11 + 2210?
2122
In base 3, what is 2 + -1222120?
-1222111
In base 7, what is 1565 - 0?
1565
In base 12, what is 153 + 6?
159
In base 10, what is 3 - -2259?
2262
In base 16, what is -a0 + 4?
-9c
In base 7, what is -5 - -5145?
5140
In base 9, what is 210 + -4?
205
In base 10, what is -17 - -389?
372
In base 3, what is -10 - -220012?
220002
In base 7, what is 41 - 12?
26
In base 2, what is -101 + -1101000111?
-1101001100
In base 7, what is -1 - -2026?
2025
In base 2, what is -111011 + 101?
-110110
In base 13, what is -27 - -16?
-11
In base 14, what is -2 - -28d?
28b
In base 3, what is -1 - 20011000?
-20011001
In base 7, what is -11 - 231?
-242
In base 16, what is -3 - -4d?
4a
In base 9, what is 62 - -5?
67
In base 15, what is 17d - 3?
17a
In base 14, what is 4 - 93?
-8d
In base 3, what is -200111 - 11?
-200122
In base 11, what is 6 - -2?
8
In base 5, what is -3424 + 31?
-3343
In base 13, what is -1a - 1?
-1b
In base 3, what is 20 - 122022?
-122002
In base 14, what is -100 + -3?
-103
In base 8, what is -4 - -102?
76
In base 3, what is -121211 - -2?
-121202
In base 6, what is 1154 + -33?
1121
In base 2, what is 11001101 - 11?
11001010
In base 15, what is -2 + -ad?
-b0
In base 10, what is 669 - 3?
666
In base 3, what is 10 + -21021?
-21011
In base 14, what is -21 - -6?
-19
In base 4, what is 3121 - -1003?
10130
In base 16, what is -766 - b?
-771
In base 16, what is -4 + 98?
94
In base 9, what is -31 - 36?
-67
In base 9, what is 78 - -104?
183
In base 9, what is -12 - 2552?
-2564
In base 15, what is 43 - -7?
4a
In base 8, what is 3 - -10770?
10773
In base 10, what is 98 - 5?
93
In base 9, what is -6 + -406?
-413
In base 9, what is -1 - 2?
-3
In base 4, what is 11 - -2222?
2233
In base 4, what is 10 + 1212?
1222
In base 12, what is 69 + -3?
66
In base 11, what is -29 + -15a?
-188
In base 14, what is -d - 262?
-271
In base 11, what is -188 + -7?
-194
In base 8, what is -213 + -3?
-216
In base 15, what is c43 - 1?
c42
In base 7, what is -11 + -46?
-60
In base 7, what is 1242 - -5?
1250
In base 12, what is -6 + 729?
723
In base 11, what is -41 - -355?
314
In base 14, what is -273 - 4?
-277
In base 11, what is 17 + -41?
-25
In base 5, what is 33 + -34?
-1
In base 3, what is 1002 + 11020?
12022
In base 10, what is 3 + 3?
6
In base 13, what is -bb + -35?
-123
In base 15, what is -5d6 - 6?
-5dc
In base 10, what is 1406 - 4?
1402
In base 9, what is 0 - 8287?
-8287
In base 7, what is 2 + 5660?
5662
In base 16, what is 5 - -827?
82c
In base 11, what is -136 + 2?
-134
In base 6, what is 2 - -310?
312
In base 4, what is 2003 + 1?
2010
In base 12, what is 2 - -a?
10
In base 5, what is 342 + -3?
334
In base 9, what is -7 - -108?
101
In base 2, what is 1110111100 + -1?
1110111011
In base 10, what is 14 - -5?
19
In base 14, what is -3 - 1b2?
-1b5
In base 14, what is b5 - 10?
a5
In base 13, what is 66 - -15?
7b
In base 9, what is 1 - 81?
-80
In base 3, what is 2 + 12211?
12220
In base 12, what is -36b + 8?
-363
In base 3, what is -10001 - -10?
-2221
In base 4, what is -21 - -100?
13
In base 13, what is 2025 - 3?
2022
In base 2, what is -10 - 10011?
-10101
In base 5, what is -441 - -4?
-432
In base 10, what is 12 + -7?
5
In base 5, what is -110 + -3121?
-3231
In base 11, what is -7306 + 0?
-7306
In base 15, what is 525 - -2?
527
In base 8, what is -4 + 46?
42
In base 3, what is 1110 + 12200?
21010
In base 13, what is 2 + 29?
2b
In base 8, what is -126 + 1?
-125
In base 5, what is -232 - -40?
-142
In base 7, what is 43161 + 4?
43165
In base 4, what is -1110 - 13?
-1123
In base 3, what is 12 - 1202220?
-1202201
In base 7, what is 152 + -26?
123
In base 5, what is -1231 - -11?
-1220
In base 11, what is -4 + -261?
-265
In base 8, what is 4 + -41?
-35
In base 12, what is -6 + -b4a?
-b54
In base 10, what is 68 - 84?
-16
In base 8, what is 3527 + -3?
3524
In base 2, what is -1011000 + -100?
-1011100
In base 7, what is 3 + -566?
-563
In base 12, what is -aa12 - -3?
-aa0b
In base 13, what is 3 + -18?
-15
In base 12, what is -53 - -3?
-50
In base 13, what is -832 + 2?
-830
In base 3, what is -11111 + 120?
-10221
In base 7, what is 3113 - 20?
3063
In base 11, what is -9 + 140?
132
In base 5, what is -4013 - 10?
-4023
In base 12, what is 244 - 6?
23a
In base 4, what is -10303 + -3?
-10312
In base 5, what is 1000410 - -3?
1000413
In base 14, what is 7 - -395?
39c
In base 3, what is 0 + 2221?
2221
In base 15, what is -7 + a2?
9a
In base 10, what is -1 + -44?
-45
In base 7, what is 535 + -5?
530
In base 12, what is -4 - 594?
-598
In base 7, what is 1 - 123?
-122
In base 11, what is 91a + 2?
921
In base 12, what is 19 - -48?
65
In base 5, what is 1103 - -23?
1131
In base 12, what is 5277 - 1?
5276
In base 2, what is -101 - 10001101?
-10010010
In base 7, what is -361 - 1?
-362
In base 6, what is -11 - 140?
-151
In base 12, what is 27 - -5?
30
In base 14, what is -d98 - -4?
-d94
In base 7, what is 1 + -23?
-22
In base 15, what is 4 + 189?
18d
In base 9, what is 400 + 3?
403
In base 2, what is -110000 + 100?
-101100
In base 4, what is -1010013 + 21?
-1003332
In base 3, what is 211 + -11200?
-10212
In base 2, what is -11010110 + 100?
-11010010
In base 4, what is -3201 - -223?
-2312
In base 4, what is 0 - 12322?
-12322
In base 16, what is ea5 - -1?
ea6
In base 6, what is 11 + -153?
-142
In base 4, what is 10 - -1110?
1120
In base 4, what is 0 + -3022?
-3022
In base 3, what is 11 + 10002?
10020
In base 5, what is -414 + 10?
-404
In base 16, what is 51 + 2a?
7b
In base 12, what is 0 - -1311?
1311
In base 2, what is 1110000 - 1?
1101111
In base 7, what is 3 + 16?
22
In base 2, what is -11110111110 - 11?
-11111000001
In base 13, what is 1 - -38?
39
In base 9, what is 4757 - 2?
4755
In base 9, what is -376 - -3?
-373
In base 15, what is -2 - 4db?
-4dd
In base 6, what is -2 - 2435?
-2441
In base 15, what is 0 - -23b0?
23b0
In base 15, what is -160e + 0?
-160e
In base 16, what is 5 - 76?
-71
In base 9, what is 21 - -42?
63
In base 5, what is 11 + 230014?
230030
In base 11, what is -1442 - 1?
-1443
In base 10, what is 152 + -5?
147
In base 6, what is -11254 + -4?
-11302
In base 9, what is -404 - 16?
-421
In base 8, what is 50 - 20?
30
In base 7, what is -11 + 105?
64
In base 7, what is 2 - -6512?
6514
In base 12, what is 140 + 0?
140
In base 13, what is 5 - 97a?
-975
In base 13, what is 1 - -5?
6
In base 10, what is 62 - -3?
65
In base 5, what is 131 + 23?
204
In base 2, what is 1000 + -100?
100
In base 5, what is 1 - 20411?
-20410
In base 5, what is 13001 + 0?
13001
In base 8, what is -5 - 230?
-235
In base 10, what is 2 + 3?
5
In base 14, what is -2 + -101?
-103
In base 6, what is 435 - 11?
424
In base 10, what is 969 - 18?
951
In base 8, what is -4 + 152?
146
In base 15, what is 4a - -42?
8c
In base 11, what is -3 + 27?
24
In base 3, what is 2020122 + 11?
2020210
In base 9, what is -53 - 748?
-812
In base 10, what is -13 - 5?
-18
In base 8, what is -22 - 0?
-22
In base 16, what is -113 - 22?
-135
In base 12, what is -18 + -8b?
-a7
In base 8, what is -3 - -43?
40
In base 10, what is 2370 + -1?
2369
In base 11, what is 55 + 69?
113
In base 16, what is d + -21?
-14
In base 6, what is 24 + -33?
-5
In base 15, what is 